n 1121 is divided by 70.
1
Calculate the remainder when 46624 is divided by 471.
466
What is the remainder when 14381 is divided by 7175?
31
Calculate the remainder when 1340011 is divided by 2186.
2179
What is the remainder when 163092 is divided by 147?
69
What is the remainder when 364343 is divided by 121443?
14
Calculate the remainder when 27772 is divided by 94.
42
Calculate the remainder when 506797 is divided by 142.
141
Calculate the remainder when 361596 is divided by 400.
396
What is the remainder when 2980 is divided by 2334?
646
Calculate the remainder when 94903 is divided by 2496.
55
Calculate the remainder when 4671 is divided by 289.
47
What is the remainder when 269440 is divided by 18?
16
What is the remainder when 1556 is divided by 141?
5
What is the remainder when 3367 is divided by 48?
7
Calculate the remainder when 15292 is divided by 3058.
2
Calculate the remainder when 1131142 is divided by 206.
202
Calculate the remainder when 10029 is divided by 8.
5
Calculate the remainder when 19780 is divided by 38.
20
What is the remainder when 53912 is divided by 461?
436
Calculate the remainder when 3119 is divided by 530.
469
Calculate the remainder when 39382 is divided by 1194.
1174
Calculate the remainder when 3415 is divided by 1100.
115
What is the remainder when 30794 is divided by 3079?
4
Calculate the remainder when 502845 is divided by 54.
51
Calculate the remainder when 826 is divided by 144.
106
Calculate the remainder when 1072114 is divided by 980.
974
Calculate the remainder when 63704 is divided by 100.
4
Calculate the remainder when 3568 is divided by 3568.
0
What is the remainder when 310152 is divided by 23?
20
What is the remainder when 3324 is divided by 264?
156
What is the remainder when 14113 is divided by 168?
1
What is the remainder when 181822 is divided by 32?
30
Calculate the remainder when 6516 is divided by 42.
6
What is the remainder when 4223 is divided by 86?
9
Calculate the remainder when 1061 is divided by 827.
234
Calculate the remainder when 25036 is divided by 69.
58
Calculate the remainder when 71961 is divided by 2400.
2361
What is the remainder when 2277 is divided by 1776?
501
Calculate the remainder when 124281 is divided by 211.
2
Calculate the remainder when 65851 is divided by 101.
100
What is the remainder when 28013 is divided by 322?
321
What is the remainder when 11726 is divided by 34?
30
Calculate the remainder when 16679 is divided by 38.
35
Calculate the remainder when 1217 is divided by 544.
129
What is the remainder when 55613 is divided by 13?
12
Calculate the remainder when 2532545 is divided by 1418.
1415
Calculate the remainder when 199856 is divided by 191.
70
What is the remainder when 661094 is divided by 34?
32
Calculate the remainder when 1306 is divided by 434.
4
Calculate the remainder when 134208 is divided by 49.
46
What is the remainder when 27854 is divided by 89?
86
Calculate the remainder when 28274 is divided by 319.
202
Calculate the remainder when 3876 is divided by 647.
641
What is the remainder when 770995 is divided by 3586?
5
Calculate the remainder when 2679 is divided by 851.
126
What is the remainder when 35870 is divided by 1382?
1320
What is the remainder when 1067047 is divided by 4446?
7
What is the remainder when 4562 is divided by 654?
638
What is the remainder when 10427 is divided by 151?
8
What is the remainder when 3940 is divided by 137?
104
Calculate the remainder when 516 is divided by 386.
130
What is the remainder when 5160 is divided by 5105?
55
What is the remainder when 3553 is divided by 141?
28
What is the remainder when 106989 is divided by 16?
13
What is the remainder when 937 is divided by 6?
1
What is the remainder when 17421 is divided by 5799?
24
What is the remainder when 1584 is divided by 755?
74
What is the remainder when 33468 is divided by 2574?
6
Calculate the remainder when 1286 is divided by 632.
22
What is the remainder when 3671 is divided by 466?
409
Calculate the remainder when 18655 is divided by 60.
55
What is the remainder when 170445 is divided by 487?
482
Calculate the remainder when 13048 is divided by 3233.
116
Calculate the remainder when 719 is divided by 24.
23
Calculate the remainder when 692320 is divided by 78.
70
Calculate the remainder when 977398 is divided by 50.
48
Calculate the remainder when 12461 is divided by 32.
13
What is the remainder when 112826 is divided by 21?
14
Calculate the remainder when 4362 is divided by 285.
87
Calculate the remainder when 9367 is divided by 75.
67
What is the remainder when 3327 is divided by 335?
312
What is the remainder when 200449 is divided by 54?
1
Calculate the remainder when 343141 is divided by 179.
177
Calculate the remainder when 47749 is divided by 11937.
1
Calculate the remainder when 223174 is divided by 55.
39
Calculate the remainder when 39443 is divided by 6572.
11
Calculate the remainder when 46076 is divided by 23034.
8
Calculate the remainder when 1470 is divided by 287.
35
What is the remainder when 38832 is divided by 133?
129
What is the remainder when 1009676 is divided by 210?
206
Calculate the remainder when 264062 is divided by 33.
29
What is the remainder when 3806 is divided by 427?
390
What is the remainder when 72658 is divided by 519?
517
What is the remainder when 481 is divided by 470?
11
What is the remainder when 6262 is divided by 152?
30
Calculate the remainder when 4943 is divided by 1646.
5
Calculate the remainder when 168737 is divided by 58.
15
What is the remainder when 2565 is divided by 808?
141
What is the remainder when 1692 is divided by 837?
18
What is the remainder when 2371388 is divided by 537?
533
What is the remainder when 110007 is divided by 10?
7
What is the remainder when 710998 is divided by 60?
58
Calculate the remainder when 10848 is divided by 3460.
468
What is the remainder when 9904 is divided by 202?
6
Calculate the remainder when 2455 is divided by 72.
7
Calculate the remainder when 168056 is divided by 34.
28
Calculate the remainder when 160810 is divided by 662.
606
What is the remainder when 26851 is divided by 8?
3
What is the remainder when 13584 is divided by 79?
75
What is the remainder when 27215 is divided by 13597?
21
Calculate the remainder when 37550 is divided by 835.
810
Calculate the remainder when 6294 is divided by 2098.
0
What is the remainder when 170510 is divided by 503?
496
Calculate the remainder when 3022 is divided by 561.
217
What is the remainder when 756 is divided by 41?
18
What is the remainder when 850580 is divided by 664?
660
What is the remainder when 18292 is divided by 389?
9
What is the remainder when 38351 is divided by 272?
271
What is the remainder when 201975 is divided by 510?
15
Calculate the remainder when 27062 is divided by 303.
95
Calculate the remainder when 163924 is divided by 1673.
1643
What is the remainder when 102271 is divided by 667?
220
Calculate the remainder when 20211 is divided by 21.
9
What is the remainder when 1837 is divided by 46?
43
Calculate the remainder when 2557 is divided by 2534.
23
What is the remainder when 1503491 is divided by 945?
941
What is the remainder when 2773 is divided by 19?
18
Calculate the remainder when 7423 is divided by 143.
130
What is the remainder when 685 is divided by 401?
284
Calculate the remainder when 12565 is divided by 80.
5
What is the remainder when 128760 is divided by 664?
608
What is the remainder when 24829 is divided by 10?
9
What is the remainder when 61043 is divided by 20345?
8
What is the remainder when 2210 is divided by 319?
296
Calculate the remainder when 446 is divided by 140.
26
Calculate the remainder when 12577 is divided by 725.
252
What is the remainder when 301 is divided by 29?
11
Calculate the remainder when 6727 is divided by 1118.
19
Calculate the remainder when 3206 is divided by 159.
26
What is the remainder when 4198 is divided by 1398?
4
What is the remainder when 25292 is divided by 367?
336
Calculate the remainder when 48128 is divided by 421.
134
What is the remainder when 34764 is divided by 17?
16
Calculate the remainder when 937 is divided by 195.
157
Calculate the remainder when 7958 is divided by 1325.
8
Calculate the remainder when 4126 is divi